{"id":3,"date":"2024-08-26T09:50:01","date_gmt":"2024-08-26T09:50:01","guid":{"rendered":"http:\/\/ebf.hr\/?page_id=3"},"modified":"2024-10-01T14:29:45","modified_gmt":"2024-10-01T12:29:45","slug":"privacy-policy","status":"publish","type":"page","link":"https:\/\/ebf.hr\/?page_id=3","title":{"rendered":"Pravila privatnosti"},"content":{"rendered":"\n<p>EBF.hr je predan pru\u017eanju kvalitetnih usluga za vas i ova politika isti\u010de na\u0161e stalne obveze prema vama u pogledu na\u010dina na koji upravljamo va\u0161im osobnim podacima.<br>Usvojili smo na\u010dela privatnosti (APP) sadr\u017eana u Zakonu o privatnosti. NPP ure\u0111uju na\u010din na koji prikupljamo, koristimo, otkrivamo, pohranjujemo, osiguravamo i raspola\u017eemo va\u0161im osobnim podacima.<\/p>\n\n\n\n<p>\u0160to su osobni podaci i za\u0161to ih prikupljamo?<br>Osobni podaci su informacije ili mi\u0161ljenje koje identificira pojedinca. Primjeri osobnih podataka koje prikupljamo uklju\u010duju imena, adrese, adrese e-po\u0161te, brojeve telefona i faksa.<br>Ovi se osobni podaci dobivaju na mnogo na\u010dina uklju\u010duju\u0107i [intervjue, dopisivanje, telefonom i faksom, e-po\u0161tom, putem na\u0161e web stranice ebf.hr, s va\u0161e web stranice, iz medija i publikacija, iz drugih javno dostupnih izvora, iz kola\u010di\u0107a &#8211; izbri\u0161ite sve \u0161to nije primjenjivo] i od tre\u0107ih strana. Ne jam\u010dimo poveznice na web stranice ili politiku ovla\u0161tenih tre\u0107ih strana.<br>Va\u0161e osobne podatke prikupljamo u primarnu svrhu pru\u017eanja na\u0161ih usluga vama, pru\u017eanja informacija na\u0161im klijentima i marketinga. Tako\u0111er mo\u017eemo koristiti va\u0161e osobne podatke u sekundarne svrhe usko povezane s primarnom svrhom, u okolnostima u kojima biste razumno o\u010dekivali takvo kori\u0161tenje ili otkrivanje. Mo\u017eete se odjaviti s na\u0161ih mailing\/marketin\u0161kih lista u bilo kojem trenutku tako da nas kontaktirate pismenim putem.<\/p>\n\n\n\n<p><br>Kada prikupljamo osobne podatke, objasnit \u0107emo vam za\u0161to prikupljamo podatke i kako ih planiramo koristiti, gdje je to prikladno i gdje je mogu\u0107e.\nOsjetljive informacije\nOsjetljivi podaci definirani su u Zakonu o privatnosti tako da uklju\u010duju informacije ili mi\u0161ljenje o stvarima kao \u0161to su rasno ili etni\u010dko podrijetlo pojedinca, politi\u010dka mi\u0161ljenja, \u010dlanstvo u politi\u010dkoj udruzi, vjerska ili filozofska uvjerenja, \u010dlanstvo u sindikatu ili drugom profesionalnom tijelu, kazneni dosje ili informacije o zdravlju.\nOsjetljive podatke koristit \u0107emo samo:\n\u2022 Za primarnu svrhu za koju je dobiven\n\u2022 Za sekundarnu namjenu koja je izravno povezana s primarnom svrhom\n\u2022 Uz va\u0161 pristanak; ili gdje je to propisano ili dopu\u0161teno zakonom.\nTre\u0107e strane\nGdje je to razumno i izvedivo, prikupljat \u0107emo va\u0161e osobne podatke samo od vas. Me\u0111utim, u nekim okolnostima informacije nam mogu dostaviti tre\u0107e strane. U tom \u0107emo slu\u010daju poduzeti razumne korake kako bismo osigurali da ste upoznati s informacijama koje nam je dostavila tre\u0107a strana.\nOtkrivanje osobnih podataka\nVa\u0161i osobni podaci mogu biti otkriveni u nizu okolnosti uklju\u010duju\u0107i sljede\u0107e:\n\u2022 Tre\u0107e strane kod kojih pristajete na kori\u0161tenje ili otkrivanje; i\n\u2022 Gdje je propisano ili dopu\u0161teno zakonom.\nSigurnost osobnih podataka\nVa\u0161i osobni podaci pohranjuju se na na\u010din koji ih razumno \u0161titi od zlouporabe i gubitka te od neovla\u0161tenog pristupa, izmjene ili otkrivanja.\nKada va\u0161i osobni podaci vi\u0161e nisu potrebni za svrhu za koju su dobiveni, poduzet \u0107emo razumne korake da uni\u0161timo ili trajno deidentificiramo va\u0161e osobne podatke. Me\u0111utim, ve\u0107ina osobnih podataka jest ili \u0107e biti pohranjena u datotekama klijenata koje \u0107emo \u010duvati najmanje 7 godina.<\/p>\n\n\n\n<p><br>Pristup va\u0161im osobnim podacima<br>Mo\u017eete pristupiti osobnim podacima koje imamo o vama i a\u017eurirati ih i\/ili ispraviti, uz odre\u0111ene iznimke. Ako \u017eelite pristupiti svojim osobnim podacima, obratite nam se pisanim putem.<br>EBF.hr ne\u0107e naplatiti nikakvu naknadu za va\u0161 zahtjev za pristup, ali mo\u017ee naplatiti administrativnu naknadu za pru\u017eanje kopije va\u0161ih osobnih podataka.<br>Kako bismo za\u0161titili va\u0161e osobne podatke, mo\u017eemo od vas zahtijevati identifikaciju prije objavljivanja tra\u017eenih podataka.<br>Odr\u017eavanje kvalitete va\u0161ih osobnih podataka<br>Va\u017eno nam je da su va\u0161i osobni podaci a\u017eurni. Poduzet \u0107emo razumne korake kako bismo bili sigurni da su va\u0161i osobni podaci to\u010dni, potpuni i a\u017eurni. Ako ustanovite da podaci koje imamo nisu a\u017eurni ili neto\u010dni, obavijestite nas \u0161to je prije mogu\u0107e kako bismo mogli a\u017eurirati svoju evidenciju i osigurati da vam mo\u017eemo nastaviti pru\u017eati kvalitetne usluge.<br>A\u017euriranja pravila<br>Ova se Politika mo\u017ee povremeno promijeniti i dostupna je na na\u0161oj web stranici.<br>Pritu\u017ebe i upiti o politici privatnosti<br>Ako imate bilo kakvih pitanja ili pritu\u017ebi na na\u0161u Politiku privatnosti, kontaktirajte nas na: <a href=\"mailto:info@ebf.hr\">info@ebf.hr<\/a><\/p>\n","protected":false},"excerpt":{"rendered":"<p>EBF.hr je predan pru\u017eanju kvalitetnih usluga za vas i ova politika isti\u010de na\u0161e stalne obveze prema vama u pogledu na\u010dina [&hellip;]<\/p>\n","protected":false},"author":1,"featured_media":0,"parent":0,"menu_order":0,"comment_status":"closed","ping_status":"open","template":"","meta":{"site-sidebar-layout":"default","site-content-layout":"","ast-site-content-layout":"default","site-content-style":"default","site-sidebar-style":"default","ast-global-header-display":"","ast-banner-title-visibility":"","ast-main-header-display":"","ast-hfb-above-header-display":"","ast-hfb-below-header-display":"","ast-hfb-mobile-header-display":"","site-post-title":"","ast-breadcrumbs-content":"","ast-featured-img":"","footer-sml-layout":"","ast-disable-related-posts":"","theme-transparent-header-meta":"","adv-header-id-meta":"","stick-header-meta":"","header-above-stick-meta":"","header-main-stick-meta":"","header-below-stick-meta":"","astra-migrate-meta-layouts":"default","ast-page-background-enabled":"default","ast-page-background-meta":{"desktop":{"background-color":"var(--ast-global-color-4)","background-image":"","background-repeat":"repeat","background-position":"center center","background-size":"auto","background-attachment":"scroll","background-type":"","background-media":"","overlay-type":"","overlay-color":"","overlay-opacity":"","overlay-gradient":""},"tablet":{"background-color":"","background-image":"","background-repeat":"repeat","background-position":"center center","background-size":"auto","background-attachment":"scroll","background-type":"","background-media":"","overlay-type":"","overlay-color":"","overlay-opacity":"","overlay-gradient":""},"mobile":{"background-color":"","background-image":"","background-repeat":"repeat","background-position":"center center","background-size":"auto","background-attachment":"scroll","background-type":"","background-media":"","overlay-type":"","overlay-color":"","overlay-opacity":"","overlay-gradient":""}},"ast-content-background-meta":{"desktop":{"background-color":"var(--ast-global-color-5)","background-image":"","background-repeat":"repeat","background-position":"center center","background-size":"auto","background-attachment":"scroll","background-type":"","background-media":"","overlay-type":"","overlay-color":"","overlay-opacity":"","overlay-gradient":""},"tablet":{"background-color":"var(--ast-global-color-5)","background-image":"","background-repeat":"repeat","background-position":"center center","background-size":"auto","background-attachment":"scroll","background-type":"","background-media":"","overlay-type":"","overlay-color":"","overlay-opacity":"","overlay-gradient":""},"mobile":{"background-color":"var(--ast-global-color-5)","background-image":"","background-repeat":"repeat","background-position":"center center","background-size":"auto","background-attachment":"scroll","background-type":"","background-media":"","overlay-type":"","overlay-color":"","overlay-opacity":"","overlay-gradient":""}},"footnotes":""},"class_list":["post-3","page","type-page","status-publish","hentry"],"_links":{"self":[{"href":"https:\/\/ebf.hr\/index.php?rest_route=\/wp\/v2\/pages\/3","targetHints":{"allow":["GET"]}}],"collection":[{"href":"https:\/\/ebf.hr\/index.php?rest_route=\/wp\/v2\/pages"}],"about":[{"href":"https:\/\/ebf.hr\/index.php?rest_route=\/wp\/v2\/types\/page"}],"author":[{"embeddable":true,"href":"https:\/\/ebf.hr\/index.php?rest_route=\/wp\/v2\/users\/1"}],"replies":[{"embeddable":true,"href":"https:\/\/ebf.hr\/index.php?rest_route=%2Fwp%2Fv2%2Fcomments&post=3"}],"version-history":[{"count":3,"href":"https:\/\/ebf.hr\/index.php?rest_route=\/wp\/v2\/pages\/3\/revisions"}],"predecessor-version":[{"id":322,"href":"https:\/\/ebf.hr\/index.php?rest_route=\/wp\/v2\/pages\/3\/revisions\/322"}],"wp:attachment":[{"href":"https:\/\/ebf.hr\/index.php?rest_route=%2Fwp%2Fv2%2Fmedia&parent=3"}],"curies":[{"name":"wp","href":"https:\/\/api.w.org\/{rel}","templated":true}]}}